te number?
False
Let v be (1/5*-1)/((-9)/225). Suppose -v*d = -4*d - 1633. Is d composite?
True
Let n = 531 + 3409. Let y(b) = -409*b + 1. Let r be y(4). Let a = r + n. Is a a prime number?
False
Is 2/(-9) - 1983*134368/(-864) prime?
False
Let y be (1 - 6) + (-3 - 5) + -24851. Let t = 10007 - y. Is t a composite number?
False
Suppose 64*q + 2977176 = 200*q. Is q a composite number?
True
Let b = -122 - -1103. Suppose -2*x + 5*x - 3*q - b = 0, -2*q = -x + 325. Is x prime?
False
Let l be (-5 - -11) + -6 + 12. Is 14682/l*(2 - 0) composite?
False
Suppose -20*z + 411599 = -19*z - 4*a, 0 = -z - a + 411614. Is z composite?
False
Let y(n) be the third derivative of -359*n**4/24 + 269*n**3/6 - 4*n**2 - 10. Is y(-18) a composite number?
True
Suppose -10*c = -186 + 16. Suppose 3*o = -4*j + c, -2 = 2*o - 2*j - 4. Is (0 - 0)/(-1) + 316 + o a prime number?
False
Is -1*3/(-6) + 1 + 542724/24 composite?
True
Suppose 0 = -23*m + 27*m - 276. Let h = m - 123. Is (-4)/(-18) - 92382/h prime?
False
Let w(p) = -2*p**3 - 7*p**2 + 11*p + 30. Let x be w(-12). Let t = x + -1495. Is t composite?
True
Suppose 0 = 5*j - 7*j - 726. Let h = -360 - 320. Let p = j - h. Is p composite?
False
Suppose -5*n - 24 = -24. Suppose n = 8*b - 12*b - 176. Is (-3705)/(-11) + (6 - (-256)/b) a composite number?
False
Suppose -5*x = x - 44322. Let r = x + -5233. Let m = -1445 + r. Is m prime?
True
Suppose 6*v - 167 = 193. Suppose 2*r = -3*r + b - v, 4*b = 3*r + 36. Is (40/r + 3)*-3 + 1802 a prime number?
False
Let u = 6 + -3. Suppose 0 = -s - 3*b + 33, u*b = s - 5*s + 87. Let p = 1223 + s. Is p prime?
False
Let x = 6025 - -3854. Suppose -x = -32*u + 29*u. Is u a prime number?
False
Let b(q) = 3*q**2 + 18*q + 4. Is b(11) composite?
True
Suppose -781305 = -139*n + 543782. Is n a composite number?
False
Let n(f) = -17*f - 18. Let h(z) = -z**2 + 99*z + 107. Let x(s) = -6*h(s) - 34*n(s). Is x(14) prime?
False
Suppose 0 = -44*l + 11389199 + 590373. Is l a prime number?
True
Suppose -107*a + 12070119 = -56*a. Is a a composite number?
True
Suppose -211363 = -36*d + 116345. Is d a composite number?
False
Suppose 15 = 6*b - 45. Suppose 0 = -3*r - 4*l + 27, -4*r + 77 = -5*l + b. Suppose -7*h + r*h - 10386 = 0. Is h composite?
True
Let p = -159 + 168. Suppose -s = -4*g - 4877, p*g - 5*g + 24417 = 5*s. Is s prime?
False
Suppose 5*g - 3*u - 8836 = 0, -5*u = -10*g + 14*g - 7091. Suppose l + 120 = -2*r + g, l + 3*r = 1646. Is l a composite number?
True
Suppose -3*l - s = 4*s - 34, 58 = 3*l - s. Suppose -u + 7496 = -j, -14*u = -l*u - 4*j + 29960. Is u prime?
False
Let m(x) = -1391*x - 5988*x - 50 + 60. Is m(-3) prime?
True
Let c = 419 - 347. Is 3/(-12) + 680058/c prime?
False
Is (2/(1*-18))/(56/(-1825992)) prime?
True
Suppose t + t - 4 = 0. Let c = -9 + t. Let b(g) = -23*g - 40. Is b(c) prime?
False
Is (-7 - -8) + 2/(-3) + 16808496/36 composite?
True
Suppose -x = -y + 3, 4*y = 5*x + 2 + 8. Let k(j) = -y - 49 - 31*j - 15*j + 63*j. Is k(23) prime?
True
Let z(o) = -50*o - 21. Let g(q) = -q**2 - 3*q + 7. Let v be g(-4). Suppose -v*a = -3*p + 33, -3*p - 23 = 2*a - 6*p. Is z(a) a prime number?
True
Suppose 3*u - 4*c - 1 - 3 = 0, 0 = 2*u + c + 1. Suppose -3*f = g - 7, -3*g - 15 = f - 4. Suppose -f*r - r + 2095 = u. Is r a composite number?
False
Let o(b) = 33*b - 55. Let x be o(14). Let n be (-3)/(-5) + (-38484)/(-60). Let s = x + n. Is s composite?
False
Suppose -66594 = -2*v + 2*t, -69438 - 30453 = -3*v - 4*t. Suppose 143*i - 140*i - v = 0. Is i prime?
False
Let t = -595 + 595. Suppose t = 3*u - 47*u + 808940. Is u composite?
True
Let q(f) = -106*f + 5. Let w(d) be the first derivative of 53*d**2 - 5*d - 3. Let l(k) = -4*q(k) - 5*w(k). Is l(-9) prime?
False
Let i = 131 + -68. Suppose -5*m + 2*u = -250, m - 14 - i = -5*u. Is 15262/m + 2/(-4) composite?
False
Suppose 5*g - 60 = -2*v, -4*g + 76 = -2*v + 5*v. Let u be ((-2)/v*-8)/((-2)/1735). Is 0/(1/(-1 + 0)) - u composite?
True
Let g(j) = 310*j**2 - 798*j - 61. Is g(-21) composite?
False
Let p be ((-20)/12)/(3/(-9)*1). Let b be (-4)/(-80)*4 + (-1)/p. Is (2/(-5))/(1 + b)*-985 a composite number?
True
Let i be 44912 - -8 - (6 + -3)/1. Suppose i = -13*s + 155976. Is s prime?
True
Suppose -2048 = 2*z - 4*r, 4*z = -r - 217 - 3906. Let v = z + 2169. Is v a prime number?
False
Let n = 0 + 9. Suppose -n*v = -10*v + 3. Suppose 0 = v*m - 1421 - 682. Is m composite?
False
Is (-4865744)/(-312) + 1/(-3) composite?
True
Is (-1358584)/(-10) - (1 - (5 - 170/50)) composite?
False
Let m(u) = -u**2 - 14*u + 21. Let z be m(-17). Is z/(-135) + 495158/18 a prime number?
True
Is 1/((96/189708)/8) prime?
True
Suppose 19 = 2*n - 3*s, 2*s - 3*s = -n + 8. Suppose 4*f - 16282 = -5*w + 3*w, -f + n*w + 4076 = 0. Suppose -f = -5*l + 2644. Is l a prime number?
False
Let i be (-4)/6*(-162)/(-12). Let u be -3*(-21)/i - -1. Is ((-11805)/45)/(2/u) a prime number?
True
Let w be 1*((-16)/6 + 2)*-6. Suppose 4*s - g = 2*s + 231, -5*g = w*s - 455. Suppose 0 = -4*c - 2*d + 516, 4*d = c + 4 - s. Is c composite?
False
Suppose -4*q = 2*k - 4, 2*q + k - 10 = -4*k. Suppose q = j - 4*n + 618, 2*j + 0*j = n - 1201. Let f = 135 - j. Is f a composite number?
False
Let p = 686051 - 441234. Is p a composite number?
True
Suppose -2*p - 15 = -5*p. Let r(d) = -d**2 - 12*d - 22. Let y be r(-9). Suppose 2*z = -p*s + 2152 - 808, -y*s = -10. Is z composite?
True
Suppose -13*z + 1437216 = -4650576 - 3174539. Is z a prime number?
False
Suppose 27*i = h + 24*i - 4183, 5*h - 20959 = 4*i. Is h composite?
True
Suppose 13*x = -5*x + 1619118. Is x a composite number?
True
Suppose -4*v - v - 25 = -5*o, 0 = 4*o - 3*v - 17. Suppose -2*z = 3*z - o*t - 180137, -72070 = -2*z - 3*t. Is z a prime number?
False
Suppose -3*k + 934367 = 4*o - 185264, o = 2*k + 279927. Is o composite?
False
Let t(i) = 7*i**3 - 2*i**2 - 7*i + 223. Suppose 2*y - 3*y + 6 = 0. Let w(d) = -8*d**3 + 2*d**2 + 8*d - 223. Let n(m) = y*w(m) + 7*t(m). Is n(0) composite?
False
Suppose -3*o - 4 = -13. Suppose 5*y = 5*r + 4280, -o*y - 102 + 2676 = -r. Is y a composite number?
False
Let c(s) = s - 11. Let i = -16 - -24. Let j be c(i). Is (-37)/(-1)*(j - -4) a prime number?
True
Let n(a) = -42*a**3 + 57*a**2 + 26*a + 330. Is n(-17) a composite number?
False
Suppose 4*n = -5*c + 19, -4*c = -32 + 36. Is (-9)/n*26310/(-9) a composite number?
True
Let l be 7 + -1 - (1018 + -6). Let o = l - -2360. Is o a prime number?
False
Suppose w = -3*g - 1211, -5*w = -w + 3*g + 4880. Let o = w + 3726. Is o a composite number?
False
Let i(l) = 0*l + 0 - 2 + 4*l - 2 + 1774*l**2. Let o be i(1). Let f = o + -431. Is f a composite number?
True
Suppose -24*k - 12970 = -25*k - 3*i, 35 = -5*i. Is k a prime number?
False
Suppose 3*f - s + 6 + 4 = 0, 5*f + 5 = 4*s. Is 5*-3*f/(-60)*-4748 composite?
True
Let h(w) = 20773*w**2 - 19*w - 1. Let g be h(1). Let p = g - 8142. Is p composite?
False
Let b = -34316 + 60770. Is (6/12)/((-3)/b*-1) a prime number?
True
Suppose 5*s - d - 29 = 0, 2*s - 3*s + d + 9 = 0. Suppose 8*g - s*g + 18 = 3*x, -3*x + 6 = 3*g. Suppose 0*u = 2*p - x*u - 8230, -5*p = -3*u - 20554. Is p prime?
False
Let b = -789 + 1398. Suppose -4*x - b = -3*w, 2*w - 4*x - 231 = 179. Suppose -p + 480 = -w. Is p a prime number?
False
Let x = -158 + 146. Let m(h) = -h**3 - 3*h**2 - 15*h + 5. Is m(x) composite?
False
Let b(m) = 5*m + 30. Let l be b(-5). Suppose l*k + 5*r - 1757 = k, -5*k + 2206 = 3*r. Is k a prime number?
True
Suppose 48*j + 9*j + 3*j - 21395460 = 0. Is j prime?
True
Let i(f) = 109566*f + 11303. Is i(37) a composite number?
True
Suppose 0 = -a + 4*a - 19962. Let k = 10423 + a. Is k a prime number?
True
Suppose -13*d + 132 = 145. Is (-10106 + -27)/(d - 0) composite?
False
Suppose 4*c + 107512 = 390324. Is c a composite number?
True
Let r(i) = 4*i**2 - i + 2. Let x be (5/3)/((-2)/(-54)). Suppose 0 = -0*d + 9*d - x. Is r(d) a prime number?
True
Let h(t) = -50*t - 1. Let s = 24 + -22. Suppose -s*l + 4*l + 6 = 0. Is h(l) prime?
True
Let n = 13404 + -2647. Suppose 2*z - 7317 = q + 3446, -2*z - 5*q = -n. Is z prime?
True
Suppose d = -4*z + 1489103, 5*d - 3*z = 55206 + 7390102. Is d composite?
False
Let y = -60 + 65. Suppose -y*c + 62 = -123. Suppose n - 2*m + 7*m - c = 0, 0 = -3*m. Is n prime?
True
Suppose 438 = 2*k + 4*y, -3*k - 3*y + 5*y = -665. Suppose -135*h - 1658 = -5*o - 137*h, -2*o